{"id":5504,"date":"2023-04-04T08:31:34","date_gmt":"2023-04-04T13:31:34","guid":{"rendered":"https:\/\/satrack.com\/cenam\/?page_id=5504"},"modified":"2023-06-16T06:53:39","modified_gmt":"2023-06-16T11:53:39","slug":"e-satrack","status":"publish","type":"page","link":"https:\/\/satrack.com\/cenam\/e-satrack\/","title":{"rendered":"E! Satrack"},"content":{"rendered":"\t\t<div data-elementor-type=\"wp-page\" data-elementor-id=\"5504\" class=\"elementor elementor-5504\" data-elementor-post-type=\"page\">\n\t\t\t\t<div class=\"elementor-element elementor-element-4e6898a8 e-flex e-con-boxed e-con e-parent\" data-id=\"4e6898a8\" data-element_type=\"container\" data-e-type=\"container\" data-settings=\"{&quot;background_background&quot;:&quot;gradient&quot;}\">\n\t\t\t\t\t<div class=\"e-con-inner\">\n\t\t<div class=\"elementor-element elementor-element-5d7c8e12 e-con-full e-flex e-con e-parent\" data-id=\"5d7c8e12\" data-element_type=\"container\" data-e-type=\"container\">\n\t\t\t\t<div class=\"elementor-element elementor-element-43a79430 elementor-widget elementor-widget-heading\" data-id=\"43a79430\" data-element_type=\"widget\" data-e-type=\"widget\" data-widget_type=\"heading.default\">\n\t\t\t\t<div class=\"elementor-widget-container\">\n\t\t\t\t\t<h1 class=\"elementor-heading-title elementor-size-default\">E! Satrack<\/h1>\t\t\t\t<\/div>\n\t\t\t\t<\/div>\n\t\t\t\t<div class=\"elementor-element elementor-element-46e27133 elementor-widget__width-initial elementor-widget-mobile__width-inherit elementor-widget elementor-widget-heading\" data-id=\"46e27133\" data-element_type=\"widget\" data-e-type=\"widget\" data-widget_type=\"heading.default\">\n\t\t\t\t<div class=\"elementor-widget-container\">\n\t\t\t\t\t<div class=\"elementor-heading-title elementor-size-default\">Aqu\u00ed encontraras todas nuestras publicaciones de E! Satrack, en las que compartimos contigo informaci\u00f3n de valor para tu operaci\u00f3n, noticias importantes del servicio y\/o plataforma, entre otras.<\/div>\t\t\t\t<\/div>\n\t\t\t\t<\/div>\n\t\t\t\t<\/div>\n\t\t<div class=\"elementor-element elementor-element-3de2c4b e-con-full e-flex e-con e-parent\" data-id=\"3de2c4b\" data-element_type=\"container\" data-e-type=\"container\">\n\t\t\t\t<div class=\"elementor-element elementor-element-2418d0d8 elementor-widget elementor-widget-image\" data-id=\"2418d0d8\" data-element_type=\"widget\" data-e-type=\"widget\" data-widget_type=\"image.default\">\n\t\t\t\t<div class=\"elementor-widget-container\">\n\t\t\t\t\t\t\t\t\t\t\t\t\t\t\t<img fetchpriority=\"high\" decoding=\"async\" width=\"700\" height=\"525\" src=\"https:\/\/satrack.com\/cenam\/wp-content\/uploads\/sites\/6\/2023\/04\/img-banner-e-satrack-1.png\" class=\"attachment-large size-large wp-image-5505\" alt=\"\" \/>\t\t\t\t\t\t\t\t\t\t\t\t\t\t\t<\/div>\n\t\t\t\t<\/div>\n\t\t\t\t<\/div>\n\t\t\t\t\t<\/div>\n\t\t\t\t<\/div>\n\t\t<div class=\"elementor-element elementor-element-5f9e85a2 e-flex e-con-boxed e-con e-parent\" data-id=\"5f9e85a2\" data-element_type=\"container\" data-e-type=\"container\" data-settings=\"{&quot;background_background&quot;:&quot;classic&quot;}\">\n\t\t\t\t\t<div class=\"e-con-inner\">\n\t\t\t\t<div class=\"elementor-element elementor-element-5d66d665 elementor-widget elementor-widget-shortcode\" data-id=\"5d66d665\" data-element_type=\"widget\" data-e-type=\"widget\" data-widget_type=\"shortcode.default\">\n\t\t\t\t<div class=\"elementor-widget-container\">\n\t\t\t\t\t\t\t<div class=\"elementor-shortcode\"><div class=\"breadcrumbs\"><a href=\"https:\/\/satrack.com\/cenam\">Inicio<\/a><\/div><\/div>\n\t\t\t\t\t\t<\/div>\n\t\t\t\t<\/div>\n\t\t\t\t\t<\/div>\n\t\t\t\t<\/div>\n\t\t<div class=\"elementor-element elementor-element-7c0bc7ce e-flex e-con-boxed e-con e-parent\" data-id=\"7c0bc7ce\" data-element_type=\"container\" data-e-type=\"container\" data-settings=\"{&quot;background_background&quot;:&quot;classic&quot;}\">\n\t\t\t\t\t<div class=\"e-con-inner\">\n\t\t\t\t<div class=\"elementor-element elementor-element-3589c2f2 elementor-posts--align-center elementor-grid-4 elementor-grid-tablet-2 elementor-grid-mobile-1 elementor-posts--thumbnail-top elementor-widget elementor-widget-posts\" data-id=\"3589c2f2\" data-element_type=\"widget\" data-e-type=\"widget\" data-settings=\"{&quot;pagination_type&quot;:&quot;numbers_and_prev_next&quot;,&quot;classic_columns&quot;:&quot;4&quot;,&quot;classic_columns_tablet&quot;:&quot;2&quot;,&quot;classic_columns_mobile&quot;:&quot;1&quot;,&quot;classic_row_gap&quot;:{&quot;unit&quot;:&quot;px&quot;,&quot;size&quot;:35,&quot;sizes&quot;:[]},&quot;classic_row_gap_tablet&quot;:{&quot;unit&quot;:&quot;px&quot;,&quot;size&quot;:&quot;&quot;,&quot;sizes&quot;:[]},&quot;classic_row_gap_mobile&quot;:{&quot;unit&quot;:&quot;px&quot;,&quot;size&quot;:&quot;&quot;,&quot;sizes&quot;:[]}}\" data-widget_type=\"posts.classic\">\n\t\t\t\t<div class=\"elementor-widget-container\">\n\t\t\t\t\t\t\t<div class=\"elementor-posts-container elementor-posts elementor-posts--skin-classic elementor-grid\" role=\"list\">\n\t\t\t\t<article class=\"elementor-post elementor-grid-item post-6441 ed-satrack type-ed-satrack status-publish has-post-thumbnail hentry\" role=\"listitem\">\n\t\t\t\t<a class=\"elementor-post__thumbnail__link\" href=\"https:\/\/satrack.com\/cenam\/ed-satrack\/edicion-junio-2023\/\" tabindex=\"-1\" >\n\t\t\t<div class=\"elementor-post__thumbnail\"><img decoding=\"async\" width=\"700\" height=\"1000\" src=\"https:\/\/satrack.com\/cenam\/wp-content\/uploads\/sites\/6\/2023\/06\/e-satrack-junio-portada.jpg\" class=\"attachment-medium_large size-medium_large wp-image-6460\" alt=\"\" srcset=\"https:\/\/satrack.com\/cenam\/wp-content\/uploads\/sites\/6\/2023\/06\/e-satrack-junio-portada.jpg 700w, https:\/\/satrack.com\/cenam\/wp-content\/uploads\/sites\/6\/2023\/06\/e-satrack-junio-portada-210x300.jpg 210w\" sizes=\"(max-width: 700px) 100vw, 700px\" \/><\/div>\n\t\t<\/a>\n\t\t\t\t<div class=\"elementor-post__text\">\n\t\t\t\t<h3 class=\"elementor-post__title\">\n\t\t\t<a href=\"https:\/\/satrack.com\/cenam\/ed-satrack\/edicion-junio-2023\/\" >\n\t\t\t\tEdici\u00f3n junio 2023\t\t\t<\/a>\n\t\t<\/h3>\n\t\t\n\t\t<a class=\"elementor-post__read-more\" href=\"https:\/\/satrack.com\/cenam\/ed-satrack\/edicion-junio-2023\/\" aria-label=\"M\u00e1s informaci\u00f3n sobre Edici\u00f3n junio 2023\" tabindex=\"-1\" >\n\t\t\tLeer m\u00e1s &nbsp;+\t\t<\/a>\n\n\t\t\t\t<\/div>\n\t\t\t\t<\/article>\n\t\t\t\t<article class=\"elementor-post elementor-grid-item post-6433 ed-satrack type-ed-satrack status-publish has-post-thumbnail hentry\" role=\"listitem\">\n\t\t\t\t<a class=\"elementor-post__thumbnail__link\" href=\"https:\/\/satrack.com\/cenam\/ed-satrack\/edicion-mayo-2023\/\" tabindex=\"-1\" >\n\t\t\t<div class=\"elementor-post__thumbnail\"><img decoding=\"async\" width=\"700\" height=\"1000\" src=\"https:\/\/satrack.com\/cenam\/wp-content\/uploads\/sites\/6\/2023\/05\/e-satrack-mayo-700x1000-1.jpg\" class=\"attachment-medium_large size-medium_large wp-image-6440\" alt=\"\" srcset=\"https:\/\/satrack.com\/cenam\/wp-content\/uploads\/sites\/6\/2023\/05\/e-satrack-mayo-700x1000-1.jpg 700w, https:\/\/satrack.com\/cenam\/wp-content\/uploads\/sites\/6\/2023\/05\/e-satrack-mayo-700x1000-1-210x300.jpg 210w\" sizes=\"(max-width: 700px) 100vw, 700px\" \/><\/div>\n\t\t<\/a>\n\t\t\t\t<div class=\"elementor-post__text\">\n\t\t\t\t<h3 class=\"elementor-post__title\">\n\t\t\t<a href=\"https:\/\/satrack.com\/cenam\/ed-satrack\/edicion-mayo-2023\/\" >\n\t\t\t\tEdici\u00f3n mayo 2023\t\t\t<\/a>\n\t\t<\/h3>\n\t\t\n\t\t<a class=\"elementor-post__read-more\" href=\"https:\/\/satrack.com\/cenam\/ed-satrack\/edicion-mayo-2023\/\" aria-label=\"M\u00e1s informaci\u00f3n sobre Edici\u00f3n mayo 2023\" tabindex=\"-1\" >\n\t\t\tLeer m\u00e1s &nbsp;+\t\t<\/a>\n\n\t\t\t\t<\/div>\n\t\t\t\t<\/article>\n\t\t\t\t<article class=\"elementor-post elementor-grid-item post-6423 ed-satrack type-ed-satrack status-publish has-post-thumbnail hentry\" role=\"listitem\">\n\t\t\t\t<a class=\"elementor-post__thumbnail__link\" href=\"https:\/\/satrack.com\/cenam\/ed-satrack\/e-satrack-edicion-abril-2023\/\" tabindex=\"-1\" >\n\t\t\t<div class=\"elementor-post__thumbnail\"><img loading=\"lazy\" decoding=\"async\" width=\"700\" height=\"1000\" src=\"https:\/\/satrack.com\/cenam\/wp-content\/uploads\/sites\/6\/2023\/04\/e-satrack-abril-editorial-700x1000-1.jpg\" class=\"attachment-medium_large size-medium_large wp-image-6429\" alt=\"\" srcset=\"https:\/\/satrack.com\/cenam\/wp-content\/uploads\/sites\/6\/2023\/04\/e-satrack-abril-editorial-700x1000-1.jpg 700w, https:\/\/satrack.com\/cenam\/wp-content\/uploads\/sites\/6\/2023\/04\/e-satrack-abril-editorial-700x1000-1-210x300.jpg 210w\" sizes=\"(max-width: 700px) 100vw, 700px\" \/><\/div>\n\t\t<\/a>\n\t\t\t\t<div class=\"elementor-post__text\">\n\t\t\t\t<h3 class=\"elementor-post__title\">\n\t\t\t<a href=\"https:\/\/satrack.com\/cenam\/ed-satrack\/e-satrack-edicion-abril-2023\/\" >\n\t\t\t\tE! Satrack | Edici\u00f3n abril 2023\t\t\t<\/a>\n\t\t<\/h3>\n\t\t\n\t\t<a class=\"elementor-post__read-more\" href=\"https:\/\/satrack.com\/cenam\/ed-satrack\/e-satrack-edicion-abril-2023\/\" aria-label=\"M\u00e1s informaci\u00f3n sobre E! Satrack | Edici\u00f3n abril 2023\" tabindex=\"-1\" >\n\t\t\tLeer m\u00e1s &nbsp;+\t\t<\/a>\n\n\t\t\t\t<\/div>\n\t\t\t\t<\/article>\n\t\t\t\t<article class=\"elementor-post elementor-grid-item post-5642 ed-satrack type-ed-satrack status-publish has-post-thumbnail hentry\" role=\"listitem\">\n\t\t\t\t<a class=\"elementor-post__thumbnail__link\" href=\"https:\/\/satrack.com\/cenam\/ed-satrack\/edicion-marzo-2023\/\" tabindex=\"-1\" >\n\t\t\t<div class=\"elementor-post__thumbnail\"><img loading=\"lazy\" decoding=\"async\" width=\"700\" height=\"1000\" src=\"https:\/\/satrack.com\/cenam\/wp-content\/uploads\/sites\/6\/2023\/03\/e-satrack-marzo-editorial-700x1000-1.jpg\" class=\"attachment-medium_large size-medium_large wp-image-5643\" alt=\"\" \/><\/div>\n\t\t<\/a>\n\t\t\t\t<div class=\"elementor-post__text\">\n\t\t\t\t<h3 class=\"elementor-post__title\">\n\t\t\t<a href=\"https:\/\/satrack.com\/cenam\/ed-satrack\/edicion-marzo-2023\/\" >\n\t\t\t\tEdici\u00f3n marzo 2023\t\t\t<\/a>\n\t\t<\/h3>\n\t\t\n\t\t<a class=\"elementor-post__read-more\" href=\"https:\/\/satrack.com\/cenam\/ed-satrack\/edicion-marzo-2023\/\" aria-label=\"M\u00e1s informaci\u00f3n sobre Edici\u00f3n marzo 2023\" tabindex=\"-1\" >\n\t\t\tLeer m\u00e1s &nbsp;+\t\t<\/a>\n\n\t\t\t\t<\/div>\n\t\t\t\t<\/article>\n\t\t\t\t<article class=\"elementor-post elementor-grid-item post-5639 ed-satrack type-ed-satrack status-publish has-post-thumbnail hentry\" role=\"listitem\">\n\t\t\t\t<a class=\"elementor-post__thumbnail__link\" href=\"https:\/\/satrack.com\/cenam\/ed-satrack\/edicion-febrero-2023\/\" tabindex=\"-1\" >\n\t\t\t<div class=\"elementor-post__thumbnail\"><img loading=\"lazy\" decoding=\"async\" width=\"700\" height=\"1000\" src=\"https:\/\/satrack.com\/cenam\/wp-content\/uploads\/sites\/6\/2023\/02\/e-satrack-febrero-editorial-700x1000-1.jpg\" class=\"attachment-medium_large size-medium_large wp-image-5640\" alt=\"\" \/><\/div>\n\t\t<\/a>\n\t\t\t\t<div class=\"elementor-post__text\">\n\t\t\t\t<h3 class=\"elementor-post__title\">\n\t\t\t<a href=\"https:\/\/satrack.com\/cenam\/ed-satrack\/edicion-febrero-2023\/\" >\n\t\t\t\tEdici\u00f3n febrero 2023\t\t\t<\/a>\n\t\t<\/h3>\n\t\t\n\t\t<a class=\"elementor-post__read-more\" href=\"https:\/\/satrack.com\/cenam\/ed-satrack\/edicion-febrero-2023\/\" aria-label=\"M\u00e1s informaci\u00f3n sobre Edici\u00f3n febrero 2023\" tabindex=\"-1\" >\n\t\t\tLeer m\u00e1s &nbsp;+\t\t<\/a>\n\n\t\t\t\t<\/div>\n\t\t\t\t<\/article>\n\t\t\t\t<article class=\"elementor-post elementor-grid-item post-5638 ed-satrack type-ed-satrack status-publish has-post-thumbnail hentry\" role=\"listitem\">\n\t\t\t\t<a class=\"elementor-post__thumbnail__link\" href=\"https:\/\/satrack.com\/cenam\/ed-satrack\/edicion-enero-2023\/\" tabindex=\"-1\" >\n\t\t\t<div class=\"elementor-post__thumbnail\"><img loading=\"lazy\" decoding=\"async\" width=\"700\" height=\"1000\" src=\"https:\/\/satrack.com\/cenam\/wp-content\/uploads\/sites\/6\/2023\/02\/editorial-enero-2023.jpg\" class=\"attachment-medium_large size-medium_large wp-image-5641\" alt=\"\" \/><\/div>\n\t\t<\/a>\n\t\t\t\t<div class=\"elementor-post__text\">\n\t\t\t\t<h3 class=\"elementor-post__title\">\n\t\t\t<a href=\"https:\/\/satrack.com\/cenam\/ed-satrack\/edicion-enero-2023\/\" >\n\t\t\t\tEdici\u00f3n enero 2023\t\t\t<\/a>\n\t\t<\/h3>\n\t\t\n\t\t<a class=\"elementor-post__read-more\" href=\"https:\/\/satrack.com\/cenam\/ed-satrack\/edicion-enero-2023\/\" aria-label=\"M\u00e1s informaci\u00f3n sobre Edici\u00f3n enero 2023\" tabindex=\"-1\" >\n\t\t\tLeer m\u00e1s &nbsp;+\t\t<\/a>\n\n\t\t\t\t<\/div>\n\t\t\t\t<\/article>\n\t\t\t\t<\/div>\n\t\t\n\t\t\t\t\t\t<\/div>\n\t\t\t\t<\/div>\n\t\t\t\t\t<\/div>\n\t\t\t\t<\/div>\n\t\t<div class=\"elementor-element elementor-element-56413f49 e-con-full e-flex e-con e-parent\" data-id=\"56413f49\" data-element_type=\"container\" data-e-type=\"container\">\n\t\t\t\t<div class=\"elementor-element elementor-element-709fa50 elementor-widget elementor-widget-template\" data-id=\"709fa50\" data-element_type=\"widget\" data-e-type=\"widget\" data-widget_type=\"template.default\">\n\t\t\t\t<div class=\"elementor-widget-container\">\n\t\t\t\t\t\t\t<div class=\"elementor-template\">\n\t\t\t\t\t<div data-elementor-type=\"container\" data-elementor-id=\"5088\" class=\"elementor elementor-5088\" data-elementor-post-type=\"elementor_library\">\n\t\t\t\t<div class=\"elementor-element elementor-element-1b3ea1ca e-flex e-con-boxed e-con e-parent\" data-id=\"1b3ea1ca\" data-element_type=\"container\" data-e-type=\"container\" data-settings=\"{&quot;background_background&quot;:&quot;classic&quot;}\">\n\t\t\t\t\t<div class=\"e-con-inner\">\n\t\t\t\t<div class=\"elementor-element elementor-element-19163356 elementor-view-default elementor-widget elementor-widget-icon\" data-id=\"19163356\" data-element_type=\"widget\" data-e-type=\"widget\" data-widget_type=\"icon.default\">\n\t\t\t\t<div class=\"elementor-widget-container\">\n\t\t\t\t\t\t\t<div class=\"elementor-icon-wrapper\">\n\t\t\t<div class=\"elementor-icon\">\n\t\t\t<svg aria-hidden=\"true\" class=\"e-font-icon-svg e-fab-whatsapp\" viewBox=\"0 0 448 512\" xmlns=\"http:\/\/www.w3.org\/2000\/svg\"><path d=\"M380.9 97.1C339 55.1 283.2 32 223.9 32c-122.4 0-222 99.6-222 222 0 39.1 10.2 77.3 29.6 111L0 480l117.7-30.9c32.4 17.7 68.9 27 106.1 27h.1c122.3 0 224.1-99.6 224.1-222 0-59.3-25.2-115-67.1-157zm-157 341.6c-33.2 0-65.7-8.9-94-25.7l-6.7-4-69.8 18.3L72 359.2l-4.4-7c-18.5-29.4-28.2-63.3-28.2-98.2 0-101.7 82.8-184.5 184.6-184.5 49.3 0 95.6 19.2 130.4 54.1 34.8 34.9 56.2 81.2 56.1 130.5 0 101.8-84.9 184.6-186.6 184.6zm101.2-138.2c-5.5-2.8-32.8-16.2-37.9-18-5.1-1.9-8.8-2.8-12.5 2.8-3.7 5.6-14.3 18-17.6 21.8-3.2 3.7-6.5 4.2-12 1.4-32.6-16.3-54-29.1-75.5-66-5.7-9.8 5.7-9.1 16.3-30.3 1.8-3.7.9-6.9-.5-9.7-1.4-2.8-12.5-30.1-17.1-41.2-4.5-10.8-9.1-9.3-12.5-9.5-3.2-.2-6.9-.2-10.6-.2-3.7 0-9.7 1.4-14.8 6.9-5.1 5.6-19.4 19-19.4 46.3 0 27.3 19.9 53.7 22.6 57.4 2.8 3.7 39.1 59.7 94.8 83.8 35.2 15.2 49 16.5 66.6 13.9 10.7-1.6 32.8-13.4 37.4-26.4 4.6-13 4.6-24.1 3.2-26.4-1.3-2.5-5-3.9-10.5-6.6z\"><\/path><\/svg>\t\t\t<\/div>\n\t\t<\/div>\n\t\t\t\t\t\t<\/div>\n\t\t\t\t<\/div>\n\t\t\t\t<div class=\"elementor-element elementor-element-1efb6200 elementor-headline--style-rotate elementor-widget elementor-widget-animated-headline\" data-id=\"1efb6200\" data-element_type=\"widget\" data-e-type=\"widget\" data-settings=\"{&quot;headline_style&quot;:&quot;rotate&quot;,&quot;animation_type&quot;:&quot;swirl&quot;,&quot;rotating_text&quot;:&quot;WhatsApp\\n6397 4556&quot;,&quot;loop&quot;:&quot;yes&quot;,&quot;rotate_iteration_delay&quot;:2500}\" data-widget_type=\"animated-headline.default\">\n\t\t\t\t<div class=\"elementor-widget-container\">\n\t\t\t\t\t\t\t\t<a href=\"https:\/\/wa.me\/50763093615?text=Hola,%20solicito%20cotizar%20un%20servicio%20nuevo.%20%C2%A1Gracias!\" target=\"_blank\" rel=\"nofollow\">\n\n\t\t\t\t\t<h3 class=\"elementor-headline elementor-headline-animation-type-swirl elementor-headline-letters\">\n\t\t\t\t\t<span class=\"elementor-headline-plain-text elementor-headline-text-wrapper\"><strong>\u00bfQuieres comprar?<\/strong><br>\u00a1Escr\u00edbenos y activa tu servicio ahora!<br><\/span>\n\t\t\t\t<span class=\"elementor-headline-dynamic-wrapper elementor-headline-text-wrapper\">\n\t\t\t\t\t<span class=\"elementor-headline-dynamic-text elementor-headline-text-active\">\n\t\t\t\tWhatsApp\t\t\t<\/span>\n\t\t\t\t\t<span class=\"elementor-headline-dynamic-text\">\n\t\t\t\t6397&nbsp;4556\t\t\t<\/span>\n\t\t\t\t\t\t<\/span>\n\t\t\t\t<\/h3>\n\t\t<\/a>\t\t\t\t<\/div>\n\t\t\t\t<\/div>\n\t\t\t\t\t<\/div>\n\t\t\t\t<\/div>\n\t\t\t\t<\/div>\n\t\t\t\t<\/div>\n\t\t\t\t\t\t<\/div>\n\t\t\t\t<\/div>\n\t\t\t\t<\/div>\n\t\t\t\t<\/div>\n\t\t","protected":false},"excerpt":{"rendered":"<p>Aqu\u00ed encontraras todas nuestras publicaciones de E! Satrack, en las que compartimos contigo informaci\u00f3n de<\/p>\n","protected":false},"author":1,"featured_media":0,"parent":0,"menu_order":0,"comment_status":"closed","ping_status":"closed","template":"","meta":{"footnotes":""},"class_list":["post-5504","page","type-page","status-publish","hentry"],"_links":{"self":[{"href":"https:\/\/satrack.com\/cenam\/wp-json\/wp\/v2\/pages\/5504","targetHints":{"allow":["GET"]}}],"collection":[{"href":"https:\/\/satrack.com\/cenam\/wp-json\/wp\/v2\/pages"}],"about":[{"href":"https:\/\/satrack.com\/cenam\/wp-json\/wp\/v2\/types\/page"}],"author":[{"embeddable":true,"href":"https:\/\/satrack.com\/cenam\/wp-json\/wp\/v2\/users\/1"}],"replies":[{"embeddable":true,"href":"https:\/\/satrack.com\/cenam\/wp-json\/wp\/v2\/comments?post=5504"}],"version-history":[{"count":6,"href":"https:\/\/satrack.com\/cenam\/wp-json\/wp\/v2\/pages\/5504\/revisions"}],"predecessor-version":[{"id":6432,"href":"https:\/\/satrack.com\/cenam\/wp-json\/wp\/v2\/pages\/5504\/revisions\/6432"}],"wp:attachment":[{"href":"https:\/\/satrack.com\/cenam\/wp-json\/wp\/v2\/media?parent=5504"}],"curies":[{"name":"wp","href":"https:\/\/api.w.org\/{rel}","templated":true}]}}